 0 = -4*t - l*t + 5*r + 244. Suppose -16*w - t = -19*w. What are the prime factors of w?
2, 11
Suppose -61*z = -63*z + 1596. Suppose -z = -14*w + 84. List the prime factors of w.
3, 7
List the prime factors of (-2 + 1)*(-21759 - -279 - (-5 + 0)).
5, 859
Let k = -99 + 102. Suppose -l + 2 = 0, k*v = -v - l + 62. Let d = 70 + v. List the prime factors of d.
5, 17
Suppose 107*f = 1466301 + 2224557. What are the prime factors of f?
2, 3, 5749
Let y(j) = -70*j + 211. Suppose 0*w + 23 = -q + 3*w, -49 = 2*q - 3*w. List the prime factors of y(q).
3, 677
Suppose -4*r - 168 = -11*r. Suppose 0*t - r = -4*t. Suppose 0 = -t*v + 323 + 175. What are the prime factors of v?
83
Let y(k) = k**3 + 10*k**2 - 11*k - 13. Suppose -2*q = -3 - 69. Let c = 26 - q. List the prime factors of y(c).
97
Let f = 45 - 48. Let j be 2*-1 + 1/(-3)*f. What are the prime factors of (3 + -61 - j)/(-1)?
3, 19
Suppose 32*g - 417300 = 26*g. Suppose 46*x + 4*x - g = 0. What are the prime factors of x?
13, 107
Suppose -6*r - 15 = -675. Let h = 176 + r. What are the prime factors of h?
2, 11, 13
Let k(y) = 7*y**2 + 3*y + 1. Let j be k(-1). Suppose -j*v + 575 - 145 = 0. Let i = v - 5. List the prime factors of i.
3
Suppose -4*b - 64 = -v + 5*v, b = 3*v + 32. Let f = -4 - v. What are the prime factors of f/((-1)/5 + (-21)/(-30))?
2
Let q(k) = 305*k - 6. Let u be (1 - (-1 + 1))*6/6. List the prime factors of q(u).
13, 23
Suppose -429 = 12*t - 8*t - 3*w, -4*t - 437 = 5*w. Let c = t + 165. What are the prime factors of c?
3, 19
Let p(a) = -7*a**2 + 3*a - 3. Let h(r) = -3*r**2 + r - 1. Let z(s) = 5*h(s) - 2*p(s). Let i be z(0). Suppose 0 = -5*d + i + 14. What are the prime factors of d?
3
Suppose -2*l = -5*s + 428, 3*l - 6*s = -2*s - 628. Let u = l - -410. List the prime factors of u.
2, 103
Suppose 3*s - 9 = 0, -198*g + 199*g = -s + 23519. What are the prime factors of g?
2, 5879
Suppose q - 4 - 4 = -p, p - 3*q + 8 = 0. Suppose -3*r = -15, -p*t + 2*t = -r - 195. Let y = 167 - t. What are the prime factors of y?
67
What are the prime factors of (27224 + -4)/(-24 - -26)?
2, 5, 1361
Let t(n) = n**3 + 43*n**2 + 38*n - 279. List the prime factors of t(-22).
9049
Suppose -77 = -3*o + 14*o. Let s be (-25)/(-10)*o/(28/296). List the prime factors of 1 - s/5 - 5.
3, 11
Suppose 9*q - 6*q - 9 = 0. Suppose -i - q*p = -93, -i + p = -5*i + 372. What are the prime factors of i?
3, 31
Suppose -1330 = 2*x + 4*t, 4*x - 3*t + 8*t = -2672. Let y = x - -1196. List the prime factors of y.
523
Suppose 0 = -10*s + 9 + 11. Suppose -j + 753 = -s*i, -7 = i - 4. List the prime factors of j.
3, 83
Suppose 44 = 27*y - 10. What are the prime factors of (-3024)/(-14) - (y - (4 + -2))?
2, 3
Suppose 19*k + 4*k - 85231 = 85774. What are the prime factors of k?
5, 1487
Suppose 3*n = 9 + 15. Suppose q + n*q + 2061 = 0. Let r = q + 469. What are the prime factors of r?
2, 3, 5
Suppose -2*b + 12 = -5*b, 269 = n - 2*b. Let w = 109 + n. List the prime factors of w.
2, 5, 37
Let r = -76 - -80. Suppose 10 = r*c + c. Suppose -c*z + 91 - 61 = 0. List the prime factors of z.
3, 5
Suppose -3*t - 9241 = -55. Let m = -1492 - t. What are the prime factors of m?
2, 5, 157
Let v = 65 - -7. Suppose -12*h + v = -9*h. List the prime factors of h*((-35)/(-10) + -3).
2, 3
Let h(a) = 2*a + 5*a + 3*a + 2*a**2 + a - 3*a - 23. List the prime factors of h(-9).
67
Let x be ((-14)/(-7))/(3/12). Suppose -3*z = z - x. Suppose -4*r + z*n = -25 - 191, 3*r - 164 = n. List the prime factors of r.
2, 7
Let i(s) = -s**3 - 19*s**2 + 38*s - 24. List the prime factors of i(-29).
2, 3, 607
Let o = -41423 + 58460. What are the prime factors of o?
3, 631
Let c = -12752 + 17304. What are the prime factors of c?
2, 569
Let f(q) = 76*q**2 + 170*q - 21. What are the prime factors of f(-14)?
3, 5, 7, 17
Let u(v) = v**3 + 5*v**2 + v + 6. Let f be u(-6). Let h be (-530)/(-6) - f/54. Suppose 5*t = 3*x - h, x - 29 = -0*x + 2*t. List the prime factors of x.
3, 11
Let u(i) = -111*i + 9. Let j(m) = -555*m + 47. Let g(s) = -2*j(s) + 11*u(s). Let t = -68 + 67. List the prime factors of g(t).
2, 29
Let z(p) = 31*p - 18. Let l be z(6). List the prime factors of 260416/l + -1*(-4)/(-42).
2, 5, 31
Suppose -80 + 6 = 5*y + 2*f, 0 = -4*y + 5*f - 46. Let v(r) = -59 + 7*r + r**2 + 69 + 5*r. What are the prime factors of v(y)?
2, 19
Let m = 2536 + 3196. What are the prime factors of m?
2, 1433
Let k be (-8)/(8/(-5))*-49. Let w = 251 + k. What are the prime factors of w?
2, 3
Suppose 5*w = 21397 - 2432. What are the prime factors of w?
3793
Suppose -16*h - 200 = -6*h. Let v be ((-895)/(-50)*12)/((-6)/h). Suppose -5*z + v = 3*o, 4*o + 0*z = -z + 966. List the prime factors of o.
2, 11
Let a(m) = -232*m - 1. Let s be (-18)/(-4)*(68/(-12) - -5). What are the prime factors of a(s)?
5, 139
Suppose 2*n + 2 = 4*y, -2*y + 2*n + 2 = -3*y. Let b be (y + 1)/((-7)/(-854)). Suppose -6*o + 208 = -b. What are the prime factors of o?
5, 11
Suppose 4*t + 3 - 93 = 2*d, 3*t + 158 = -4*d. Let o = d + 41. Suppose o*q - 4*q = -328. What are the prime factors of q?
2, 41
Let a(s) = 5 + 0 + 15 + 3*s - 2*s. Let i be a(-18). Suppose 162 = i*w + 12. List the prime factors of w.
3, 5
What are the prime factors of (-113)/226 - (-2 - (-1)/((-4)/73474))?
2, 5, 11, 167
Suppose 3*w = 3*g + 945, -3*g + 6*g - 303 = -w. Suppose 0 = -53*x + 50*x + w. List the prime factors of x.
2, 13
Let d = -21514 - -33008. What are the prime factors of d?
2, 7, 821
Suppose -4*n - 21 = -5, -4*n + 9 = 5*p. Suppose 0 = p*m - 2*v - 4912, 985 = 4*m - 3*m - 3*v. List the prime factors of m.
2, 491
Let p = -13069 + 18962. What are the prime factors of p?
71, 83
Suppose z - k - 732 = 0, -4*z + 1111 + 1817 = -k. What are the prime factors of (-2)/2 + (z - -2) + 5?
2, 3, 41
Suppose 4*r = 2*c + 56628, -5*c + 4*c - 4 = 0. What are the prime factors of r?
5, 19, 149
Let b be 3/((-3)/(-230))*134/268. Suppose 0*i = -3*i - 5*x + 146, 0 = i + 3*x - 46. Let q = b - i. List the prime factors of q.
3, 7
Let m be 2 + (-15)/6*-6 - 6. Suppose 6*k + m*k = 4828. What are the prime factors of k?
2, 71
Let j(p) = 25*p - 21. Let v be j(1). Suppose -v*k - 1363 = -3*i, 3*i - 84 - 1294 = k. List the prime factors of i.
461
Suppose 3*n = -86*j + 89*j + 12480, n - 5*j = 4136. List the prime factors of n.
2, 2083
Suppose 0 = -v + 3*g + 2463, 4*v - 9777 = 19*g - 22*g. Suppose -703*x = -706*x + v. List the prime factors of x.
2, 3, 17
Suppose b - w - 3243 = 0, -2*b = 2*b + 4*w - 12988. What are the prime factors of b?
5, 11, 59
Suppose 3586 = 2*s - 7298. What are the prime factors of s?
2, 3, 907
Suppose -2*d + 576*h - 579*h = -163097, 5*d - 6*h - 407621 = 0. List the prime factors of d.
5, 23, 709
Let s be (1*(-2)/4)/(62/1240). List the prime factors of (-30)/(s/2) - 3312/(-9).
2, 11, 17
Let n(p) = -p**3 - 5*p**2 - 7*p - 6. Let l be n(-5). Let y = l - -23. List the prime factors of (-12)/(-1*8/y).
2, 3, 13
Suppose -17*b + 7601 + 79932 = 19873. List the prime factors of b.
2, 5, 199
What are the prime factors of (-4)/2*(-6349 + 120)?
2, 6229
Let x(u) = -770*u - 3534. What are the prime factors of x(-52)?
2, 18253
Let a = -20 - -28. Let l = 1892 - 1885. Suppose -a*k = -l*k - 80. List the prime factors of k.
2, 5
Let a = -24 + 245. Let k = 619 - a. Let p = k - 235. List the prime factors of p.
163
Let f = 8042 - -879. List the prime factors of f.
11, 811
Let s = -5440 + 12608. What are the prime factors of s?
2, 7
Let p = 111 + -108. Suppose 172 = p*y - 683. What are the prime factors of y?
3, 5, 19
Let p(s) = 55*s + 5981. What are the prime factors of p(36)?
19, 419
Suppose -y = -6*y + 70. Let v be (3 - 11) + 4 - y. Let o = 68 + v. List the prime factors of o.
2, 5
List the prime factors of 5/2*(-25504206)/(-1365).
7, 6673
Let h = -814 - -12022. What are the prime factors of h?
2, 3, 467
Suppose 13854*d - 2530748 = 13810*d. What are the prime factors of d?
113, 509
Let v be 342/266 - (-2)/(-7). List the prime factors of v/(4*(-1)/(-16)) - -89.
3, 31
Let r(b) = -1204*b + 9966. What are the prime factors of r(-29)?
2, 22441
Let c = 75 - 37. Let d = c + -38. Suppose -9*y - 291 + 894 = d. What are the prime factors of y?
67
Let v = 18595 - 17917. List the prime factors of v.
2, 3, 113
Suppose -4*o = 5 - 9. What are the prime factors of (-4)/6 - (o + 3802/(-6))?
2, 79
Let h(s) = 1